hen s is divided by 3/f*6*-25?
13
Suppose -3*a + 5*y = -32, 3*a + 28 = 8*a - 2*y. Let u(s) = s**2 + 7*s - 65. Calculate the remainder when u(-13) is divided by a.
1
Let k(h) = 19*h - 73. Calculate the remainder when 103 is divided by k(5).
15
Suppose 27*b = 25*b + 4. Suppose -2*d + 84 = b*w, -237 = -5*w + 5*d - 77. What is the remainder when w is divided by 20?
17
Suppose 0 = -2*o + 36 + 98. Let i(y) = -3*y - 3. Let l be i(-2). Suppose l*p + 5 = s, -5*s + p = -101 + 34. What is the remainder when o is divided by s?
11
Let w = -1082 + 1096. What is the remainder when 447 is divided by w?
13
Suppose 7*q - 1914 = 95. Calculate the remainder when q is divided by 24.
23
Let o(x) = 3*x + 15. Let u be o(-6). What is the remainder when 59 is divided by 18 - ((u - -3) + 3)?
14
Suppose 23*d - 18*d = -250. Let k = 67 + d. Calculate the remainder when 83 is divided by k.
15
Let u(w) = -w**2 - 7*w + 1. Let a be u(-7). What is the remainder when 2*(a - -2 - -2) is divided by (18/(-15))/((-2)/10)?
4
Let u(m) = 6*m + 55. Calculate the remainder when u(6) is divided by 16.
11
What is the remainder when 58/1 - (154/(-11) + 13) is divided by 35?
24
Let d(z) be the third derivative of -z**6/120 + z**5/15 + z**4/8 + 5*z**3/6 - 7*z**2. What is the remainder when -20*(0 - (-16)/(-10)) is divided by d(4)?
15
Suppose -7 - 5 = 3*d, 4*v = -4*d + 1892. Calculate the remainder when v is divided by 12.
9
Let t(k) = -14*k - 7. Let z(f) = -f + 41. What is the remainder when t(-7) is divided by z(-7)?
43
Suppose 42*z - 7 = 41*z. Let q(p) = 2*p - 4. Suppose -3*k + 24 = -0*k. What is the remainder when q(k) is divided by z?
5
Let j(u) = u**2 - 23*u + 97. Calculate the remainder when 271 is divided by j(19).
19
Let q(h) = -h - 14. Let f be q(-6). Let i = f + 18. Calculate the remainder when i is divided by 69/21 - (-4)/(-14).
1
Let f(u) = -u + 7. Let c be f(7). Suppose c = -2*h + 3*h - 14. Let d = 769 + -701. What is the remainder when d is divided by h?
12
Let z(k) = -k - 3. Let g be z(-10). Suppose d + 10 = -5*c, 0*d = -2*d - c + g. Calculate the remainder when (-6)/39 + 498/26 is divided by d.
4
Let l(p) = -p**2 + 9*p + 17. Calculate the remainder when 46 is divided by l(8).
21
Suppose -6*b = -32 + 2. Calculate the remainder when 18 is divided by b.
3
Suppose 0*a = 18*a - 432. What is the remainder when 378 is divided by a?
18
Suppose -14*v + 2013 - 235 = 0. Let o = v + -107. Calculate the remainder when 39 is divided by o.
19
Suppose -5*u = -8*u. Calculate the remainder when 36 is divided by 8 + u + (6 - 6).
4
Let a(w) = w**3 - 18*w**2 + 15*w + 85. Calculate the remainder when 150 is divided by a(17).
48
Suppose -3*c + 4*c + 3 = 0. Let j(d) = 3*d**2 + 6*d + 12. Calculate the remainder when j(-6) is divided by (-1 - c)/(2/29).
26
Suppose 0 = 4*j + v - 183, j - 62 = v - 20. Suppose -2*q + 2*o = -40, 3*q + 2*o - j = -0*q. What is the remainder when 65 is divided by q?
14
Calculate the remainder when 539 is divided by (7 - (21 - 4))*9/(-2).
44
Let i = 113 - 58. Suppose 0 = -3*s - 2*s + i. What is the remainder when 38 is divided by s?
5
Suppose -2*m - 7 - 1 = 0. Let g = 3 - m. What is the remainder when g is divided by 323/153 - 2/18?
1
Let f = -15 + 45. Suppose 40 = 5*g - f. What is the remainder when (((-8)/10)/(-2))/(1/130) is divided by g?
10
Let h = 661 - 635. What is the remainder when 77 is divided by h?
25
Let l = -76 - -92. Calculate the remainder when 46 is divided by l.
14
Suppose 2*z - 42 = -z. Let d(k) = 2*k**2 - k - 3. Let x be d(2). Calculate the remainder when 49 + x + 0 + 2 is divided by z.
12
Let k be 1*(-1 - 2 - -30). Suppose k + 8 = 5*z. Calculate the remainder when 325/10 + (-2)/4 is divided by z.
4
Let l = 1391 - 1326. What is the remainder when l is divided by 12?
5
Let x(g) = -g + 18. Let z(n) = -n + 5. Let i be z(5). Calculate the remainder when 33 is divided by x(i).
15
Suppose -108 = -3*b + g - 3, 3*b - 3*g = 99. What is the remainder when b is divided by 23?
13
Let q(i) = i**3 + 7*i**2 + 4*i - 6. Let z be ((-6)/15)/((-2)/(-30)). What is the remainder when 33*(21/9 - 2) is divided by q(z)?
5
Let f(w) = w**3 + 30*w**2 - 68*w + 40. What is the remainder when f(-32) is divided by 33?
3
Let c(s) = s**3 + 3*s + 6. Let y be c(5). Suppose -5*w + 4*r - 5 = -y, -5*r + 55 = 3*w. What is the remainder when w is divided by (-14)/((-4)/(-8)*-4)?
4
Suppose 2*k + 10 = 2*s, 4*s = -3*k - 4 + 3. Calculate the remainder when 21 is divided by s.
1
Suppose -192*f + 176*f = -1344. Calculate the remainder when f is divided by 32.
20
Let v be (-2 - -5) + -2 - 2. Let q = 4 - v. Suppose -2*o + q*o - 72 = 0. Calculate the remainder when o is divided by 13.
11
What is the remainder when 274 is divided by (5/((-30)/(-87)) + 1)*2?
26
Suppose 0 = -9*o - 31 + 148. Suppose 5*f - 2*a - 434 = 0, 4*f + 104 - 471 = -5*a. What is the remainder when f is divided by o?
10
Suppose 3*u - 82 + 4 = 0. What is the remainder when u is divided by 7?
5
Let a = 283 + -280. Let i = -2 + 4. Suppose -1 = u + i, -16 = -w + 4*u. Calculate the remainder when w is divided by a.
1
Let h(b) = 94*b - 54. What is the remainder when h(9) is divided by 61?
60
Let p be (-12)/8*(1 - -91). Let f = -101 - p. What is the remainder when 145 is divided by f?
34
Let q(v) = -v**3 + 5*v**2 - 2*v + 3. Let w be q(5). Let t(s) = 3*s**2 + 5*s + 3. Let d be t(-3). What is the remainder when d*w/((-35)/6) is divided by 10?
8
Suppose -70*l + 118*l - 7152 = 0. What is the remainder when 313 is divided by l?
15
Let a(w) = -87*w - 1. Calculate the remainder when a(-3) is divided by 29.
28
Suppose -68*h = -1085 + 3125. Let x = -18 - -54. Let l = x + h. What is the remainder when 28 is divided by l?
4
Let l(c) = c**3 - 6*c**2 - c + 14. Let h be l(6). Suppose 0 = 4*y - 12 - h. Calculate the remainder when y is divided by 4.
1
Suppose 0 = 4*c - 9*c + 5*r + 820, 3*c - 482 = 5*r. Calculate the remainder when c is divided by 48.
25
Suppose 4*q - 6*q + 42 = 0. Calculate the remainder when 103 is divided by q.
19
Let c = -160 - -161. Let y = 93 + c. Calculate the remainder when y is divided by 32.
30
What is the remainder when 2/(1290/117 + -11) is divided by 12?
6
Let w be (-2)/15 + 26/195. Let b(c) = c**2 - 3*c - 5. Calculate the remainder when b(-5) is divided by (w + 16)*(-9)/(-12).
11
Suppose -6*j = -10*j. Suppose 2*q + y - 64 = 4*y, -3*q - 5*y + 115 = j. What is the remainder when q is divided by 13?
9
Suppose -480 = -13*z + 1925. What is the remainder when z is divided by -2 + 17 - 2*2?
9
Let c = -944 + 1014. What is the remainder when 629 is divided by c?
69
Suppose -q + 4*m - 8 = 0, 4*q - 5*m + 8*m - 44 = 0. What is the remainder when 46 is divided by q?
6
Let q(c) = -11*c - 4. Suppose -35 = 2*g - 9*g. Suppose g*t - 2*t = 3*p - 33, -4*t - 38 = -3*p. What is the remainder when q(-3) is divided by p?
5
Suppose -2*f + 6*f - 56 = 0. Suppose 0 = 2*t + 18 - 26. Suppose 141 = t*y - 15. What is the remainder when y is divided by f?
11
Suppose -23*k + 24*k = 35. Suppose -5*m + 0*m - 4*j - 80 = 0, 2 = -m + 2*j. Let v = 30 + m. Calculate the remainder when k is divided by v.
17
Suppose 5*r - 19 = -2*q, 5*q + 3*r - 2*r - 36 = 0. What is the remainder when 2*(62/4 - 2) is divided by q?
6
What is the remainder when 661 is divided by 7497/378 - (-5)/(-6)?
15
What is the remainder when (-24)/(-15)*(-920)/(-32) is divided by ((-3)/(-2))/(18/96)?
6
Let j = -115 + 117. Suppose 5*h = -4*r + 234, -j*h = -4*h - r + 96. What is the remainder when h is divided by 28?
22
Suppose -11*o + 528 = -0*o. What is the remainder when o is divided by 5?
3
Suppose -3*m + 12 + 60 = 0. Let y(n) = 6*n**2 + 2*n - 6. What is the remainder when y(-3) is divided by -1 + 1/(2/m)?
9
Suppose 8*k - 20 = 6*k. Suppose 3*t - 34 = -k. What is the remainder when 15 is divided by t?
7
Let d(g) = -g**2 - 8*g + 1. Let x be d(-5). Let q = -2 + x. Suppose -5*w + 99 = -96. What is the remainder when w is divided by q?
11
Let v be ((-12)/21)/((-2)/7). Suppose -3*g + 8*g = 2*h - 40, v*g + 4 = 0. What is the remainder when 44 is divided by h?
14
Let d(y) = y**3 + 4*y**2 - 2*y - 4. Let o(u) = u**2 - 7*u + 3. Let c be o(6). What is the remainder when d(c) is divided by ((3 - 1) + 3)/(10/12)?
5
Let w(t) = -t**2 - 8*t - 4. Let r(a) = a + 8. Let p be r(-7). Let c = -6 + p. What is the remaind